{"id":101,"date":"2025-10-13T15:32:33","date_gmt":"2025-10-13T15:32:33","guid":{"rendered":"https:\/\/amazing-ishizaka.178-33-161-12.plesk.page\/?page_id=101"},"modified":"2026-02-20T13:00:40","modified_gmt":"2026-02-20T13:00:40","slug":"about","status":"publish","type":"page","link":"https:\/\/amazing-ishizaka.178-33-161-12.plesk.page\/index.php\/about\/","title":{"rendered":"About"},"content":{"rendered":"\t\t<div data-elementor-type=\"wp-page\" data-elementor-id=\"101\" class=\"elementor elementor-101\" data-elementor-post-type=\"page\">\n\t\t\t\t<div class=\"elementor-element elementor-element-633e2f3 e-con-full e-flex e-con e-parent\" data-id=\"633e2f3\" data-element_type=\"container\" data-e-type=\"container\" data-settings=\"{&quot;background_background&quot;:&quot;video&quot;,&quot;motion_fx_motion_fx_scrolling&quot;:&quot;yes&quot;,&quot;motion_fx_devices&quot;:[&quot;desktop&quot;,&quot;tablet&quot;,&quot;mobile&quot;]}\">\n\t\t<div class=\"elementor-element elementor-element-ed3be96 e-con-full e-flex e-con e-child\" data-id=\"ed3be96\" data-element_type=\"container\" data-e-type=\"container\" data-settings=\"{&quot;background_background&quot;:&quot;classic&quot;,&quot;motion_fx_motion_fx_scrolling&quot;:&quot;yes&quot;,&quot;motion_fx_scale_effect&quot;:&quot;yes&quot;,&quot;motion_fx_scale_speed&quot;:{&quot;unit&quot;:&quot;px&quot;,&quot;size&quot;:-3,&quot;sizes&quot;:[]},&quot;motion_fx_scale_range&quot;:{&quot;unit&quot;:&quot;%&quot;,&quot;size&quot;:&quot;&quot;,&quot;sizes&quot;:{&quot;start&quot;:64,&quot;end&quot;:100}},&quot;motion_fx_scale_direction&quot;:&quot;out-in&quot;,&quot;motion_fx_devices&quot;:[&quot;desktop&quot;,&quot;tablet&quot;,&quot;mobile&quot;]}\">\n\t\t\t\t<\/div>\n\t\t\t\t<\/div>\n\t\t<div class=\"elementor-element elementor-element-5f9a91c e-flex e-con-boxed e-con e-parent\" data-id=\"5f9a91c\" data-element_type=\"container\" data-e-type=\"container\" data-settings=\"{&quot;background_background&quot;:&quot;classic&quot;}\">\n\t\t\t\t\t<div class=\"e-con-inner\">\n\t\t<div class=\"elementor-element elementor-element-52449c0 e-con-full e-flex e-con e-child\" data-id=\"52449c0\" data-element_type=\"container\" data-e-type=\"container\">\n\t\t\t\t<div class=\"elementor-element elementor-element-f4af9f3 elementor-widget__width-initial elementor-invisible elementor-widget elementor-widget-image\" data-id=\"f4af9f3\" data-element_type=\"widget\" data-e-type=\"widget\" data-settings=\"{&quot;_animation&quot;:&quot;fadeInUp&quot;}\" data-widget_type=\"image.default\">\n\t\t\t\t<div class=\"elementor-widget-container\">\n\t\t\t\t\t\t\t\t\t\t\t\t\t\t\t<img fetchpriority=\"high\" decoding=\"async\" width=\"800\" height=\"817\" src=\"https:\/\/amazing-ishizaka.178-33-161-12.plesk.page\/wp-content\/uploads\/2025\/10\/Group-508-1-1003x1024.png\" class=\"attachment-large size-large wp-image-135\" alt=\"\" srcset=\"https:\/\/amazing-ishizaka.178-33-161-12.plesk.page\/wp-content\/uploads\/2025\/10\/Group-508-1-1003x1024.png 1003w, https:\/\/amazing-ishizaka.178-33-161-12.plesk.page\/wp-content\/uploads\/2025\/10\/Group-508-1-294x300.png 294w, https:\/\/amazing-ishizaka.178-33-161-12.plesk.page\/wp-content\/uploads\/2025\/10\/Group-508-1-768x784.png 768w, https:\/\/amazing-ishizaka.178-33-161-12.plesk.page\/wp-content\/uploads\/2025\/10\/Group-508-1.png 1438w\" sizes=\"(max-width: 800px) 100vw, 800px\" \/>\t\t\t\t\t\t\t\t\t\t\t\t\t\t\t<\/div>\n\t\t\t\t<\/div>\n\t\t\t\t<\/div>\n\t\t<div class=\"elementor-element elementor-element-2ce4e01 e-con-full e-flex e-con e-child\" data-id=\"2ce4e01\" data-element_type=\"container\" data-e-type=\"container\">\n\t\t\t\t<div class=\"elementor-element elementor-element-49694c8 elementor-invisible elementor-widget elementor-widget-heading\" data-id=\"49694c8\" data-element_type=\"widget\" data-e-type=\"widget\" data-settings=\"{&quot;_animation&quot;:&quot;fadeInUp&quot;}\" data-widget_type=\"heading.default\">\n\t\t\t\t<div class=\"elementor-widget-container\">\n\t\t\t\t\t<h2 class=\"elementor-heading-title elementor-size-default\">Explora los retos<\/h2>\t\t\t\t<\/div>\n\t\t\t\t<\/div>\n\t\t\t\t<div class=\"elementor-element elementor-element-190be5f elementor-widget__width-initial elementor-widget elementor-widget-text-editor\" data-id=\"190be5f\" data-element_type=\"widget\" data-e-type=\"widget\" data-widget_type=\"text-editor.default\">\n\t\t\t\t<div class=\"elementor-widget-container\">\n\t\t\t\t\t\t\t\t\t<p>Descubre una nueva forma de vivir experiencias reales, usando el m\u00f3vil solo como punto de partida.<\/p>\t\t\t\t\t\t\t\t<\/div>\n\t\t\t\t<\/div>\n\t\t\t\t<\/div>\n\t\t\t\t\t<\/div>\n\t\t\t\t<\/div>\n\t\t<div class=\"elementor-element elementor-element-6c1c3bd e-flex e-con-boxed e-con e-parent\" data-id=\"6c1c3bd\" data-element_type=\"container\" data-e-type=\"container\" data-settings=\"{&quot;background_background&quot;:&quot;classic&quot;}\">\n\t\t\t\t\t<div class=\"e-con-inner\">\n\t\t<div class=\"elementor-element elementor-element-086b5d8 e-con-full e-flex elementor-invisible e-con e-child\" data-id=\"086b5d8\" data-element_type=\"container\" data-e-type=\"container\" data-settings=\"{&quot;background_background&quot;:&quot;classic&quot;,&quot;motion_fx_motion_fx_scrolling&quot;:&quot;yes&quot;,&quot;motion_fx_scale_effect&quot;:&quot;yes&quot;,&quot;motion_fx_scale_direction&quot;:&quot;in-out-in&quot;,&quot;motion_fx_scale_speed&quot;:{&quot;unit&quot;:&quot;px&quot;,&quot;size&quot;:-10,&quot;sizes&quot;:[]},&quot;motion_fx_scale_range&quot;:{&quot;unit&quot;:&quot;%&quot;,&quot;size&quot;:&quot;&quot;,&quot;sizes&quot;:{&quot;start&quot;:40,&quot;end&quot;:100}},&quot;animation&quot;:&quot;fadeIn&quot;,&quot;motion_fx_devices&quot;:[&quot;desktop&quot;,&quot;tablet&quot;,&quot;mobile&quot;]}\">\n\t\t<div class=\"elementor-element elementor-element-bdab098 e-con-full e-flex e-con e-child\" data-id=\"bdab098\" data-element_type=\"container\" data-e-type=\"container\">\n\t\t\t\t<div class=\"elementor-element elementor-element-a157c49 elementor-view-default elementor-position-block-start elementor-mobile-position-block-start elementor-widget elementor-widget-icon-box\" data-id=\"a157c49\" data-element_type=\"widget\" data-e-type=\"widget\" data-widget_type=\"icon-box.default\">\n\t\t\t\t<div class=\"elementor-widget-container\">\n\t\t\t\t\t\t\t<div class=\"elementor-icon-box-wrapper\">\n\n\t\t\t\t\t\t<div class=\"elementor-icon-box-icon\">\n\t\t\t\t<span  class=\"elementor-icon\">\n\t\t\t\t<svg xmlns=\"http:\/\/www.w3.org\/2000\/svg\" xmlns:xlink=\"http:\/\/www.w3.org\/1999\/xlink\" id=\"Capa_1\" x=\"0px\" y=\"0px\" viewBox=\"0 0 63.019 63.019\" style=\"enable-background:new 0 0 63.019 63.019;\" xml:space=\"preserve\"><g>\t<g id=\"group-2svg\">\t\t<path id=\"path-1_10_\" d=\"M53.009,53.516c0,5.248-4.253,9.503-9.5,9.503h-24c-5.247,0-9.5-4.255-9.5-9.503V9.503   c0-5.248,4.253-9.503,9.5-9.503h24c5.247,0,9.5,4.255,9.5,9.503V53.516z M50.009,9.503c0-3.591-2.91-6.502-6.5-6.502h-24   c-3.59,0-6.5,2.911-6.5,6.502v44.013c0,3.591,2.91,6.502,6.5,6.502h24c3.59,0,6.5-2.911,6.5-6.502V9.503z\"><\/path>\t\t<path id=\"path-2_9_\" d=\"M53.009,52.516c0,0.829-0.671,1.5-1.5,1.5h-40c-0.829,0-1.5-0.671-1.5-1.5V9.503   c0-0.829,0.671-1.501,1.5-1.501h40c0.829,0,1.5,0.672,1.5,1.501V52.516z M13.009,51.015h37V11.003h-37V51.015z\"><\/path>\t\t<path id=\"path-3_9_\" d=\"M33.785,5.714c0,1.105-0.895,2.001-2,2.001c-1.104,0-2-0.896-2-2.001s0.896-2.001,2-2.001   C32.89,3.713,33.785,4.609,33.785,5.714z\"><\/path>\t\t<path id=\"path-4_9_\" d=\"M34.583,58.018h-5c-0.828,0-1.5-0.672-1.5-1.501c0-0.828,0.672-1.5,1.5-1.5h5c0.828,0,1.5,0.672,1.5,1.5   C36.083,57.346,35.41,58.018,34.583,58.018z\"><\/path>\t\t<path id=\"path-5_8_\" d=\"M19.261,43.678c-0.384,0-0.768-0.146-1.061-0.439c-0.586-0.586-0.586-1.536,0-2.122L41.1,18.21   c0.586-0.586,1.535-0.586,2.121,0c0.586,0.587,0.586,1.536,0,2.122l-22.9,22.907C20.03,43.532,19.646,43.678,19.261,43.678z\"><\/path>\t\t<path id=\"path-6_4_\" d=\"M31.88,42.276c-0.384,0-0.768-0.146-1.06-0.439c-0.586-0.586-0.586-1.536,0-2.122l6.636-6.639   c0.586-0.586,1.535-0.586,2.121,0c0.586,0.587,0.586,1.536,0,2.122l-6.636,6.639C32.647,42.13,32.264,42.276,31.88,42.276z\"><\/path>\t<\/g><\/g><g><\/g><g><\/g><g><\/g><g><\/g><g><\/g><g><\/g><g><\/g><g><\/g><g><\/g><g><\/g><g><\/g><g><\/g><g><\/g><g><\/g><g><\/g><\/svg>\t\t\t\t<\/span>\n\t\t\t<\/div>\n\t\t\t\n\t\t\t\t\t\t<div class=\"elementor-icon-box-content\">\n\n\t\t\t\t\t\t\t\t\t<h3 class=\"elementor-icon-box-title\">\n\t\t\t\t\t\t<span  >\n\t\t\t\t\t\t\tMenos pantalla, m\u00e1s vida\t\t\t\t\t\t<\/span>\n\t\t\t\t\t<\/h3>\n\t\t\t\t\n\t\t\t\t\t\t\t\t\t<p class=\"elementor-icon-box-description\">\n\t\t\t\t\t\t101 nace con una idea clara: usar la tecnolog\u00eda para que mires menos el m\u00f3vil y m\u00e1s lo que te rodea.\t\t\t\t\t<\/p>\n\t\t\t\t\n\t\t\t<\/div>\n\t\t\t\n\t\t<\/div>\n\t\t\t\t\t\t<\/div>\n\t\t\t\t<\/div>\n\t\t\t\t<\/div>\n\t\t\t\t<div class=\"elementor-element elementor-element-a2469a9 elementor-widget elementor-widget-image\" data-id=\"a2469a9\" data-element_type=\"widget\" data-e-type=\"widget\" data-widget_type=\"image.default\">\n\t\t\t\t<div class=\"elementor-widget-container\">\n\t\t\t\t\t\t\t\t\t\t\t\t\t\t\t<img decoding=\"async\" width=\"291\" height=\"46\" src=\"https:\/\/amazing-ishizaka.178-33-161-12.plesk.page\/wp-content\/uploads\/2025\/10\/Arrow-24.png\" class=\"attachment-large size-large wp-image-129\" alt=\"\" \/>\t\t\t\t\t\t\t\t\t\t\t\t\t\t\t<\/div>\n\t\t\t\t<\/div>\n\t\t<div class=\"elementor-element elementor-element-3b9ea6b e-con-full e-flex e-con e-child\" data-id=\"3b9ea6b\" data-element_type=\"container\" data-e-type=\"container\">\n\t\t\t\t<div class=\"elementor-element elementor-element-2bd52ad elementor-view-default elementor-position-block-start elementor-mobile-position-block-start elementor-widget elementor-widget-icon-box\" data-id=\"2bd52ad\" data-element_type=\"widget\" data-e-type=\"widget\" data-widget_type=\"icon-box.default\">\n\t\t\t\t<div class=\"elementor-widget-container\">\n\t\t\t\t\t\t\t<div class=\"elementor-icon-box-wrapper\">\n\n\t\t\t\t\t\t<div class=\"elementor-icon-box-icon\">\n\t\t\t\t<span  class=\"elementor-icon\">\n\t\t\t\t<svg xmlns=\"http:\/\/www.w3.org\/2000\/svg\" id=\"Icons\" height=\"512\" viewBox=\"0 0 60 60\" width=\"512\"><path d=\"m30 22c-3.859 0-7 3.141-7 7s3.141 7 7 7 7-3.141 7-7-3.141-7-7-7zm0 12c-2.757 0-5-2.243-5-5s2.243-5 5-5 5 2.243 5 5-2.243 5-5 5z\"><\/path><path d=\"m34 38h-8c-4.963 0-9 4.037-9 9v9.357c0 1.855 1.38 3.447 3.143 3.625.989.096 1.974-.225 2.705-.887.002 0 .003-.003.004-.004.546.56 1.307.908 2.148.908h10c.842 0 1.603-.349 2.148-.908 0 0 .002.003.004.004.731.663 1.724.991 2.705.887 1.763-.178 3.143-1.77 3.143-3.625v-9.357c0-4.963-4.037-9-9-9zm7 18.357c0 .841-.59 1.56-1.342 1.635-.434.041-.847-.092-1.164-.38-.318-.288-.494-.684-.494-1.112v-9.5c0-.553-.447-1-1-1s-1 .447-1 1v10c0 .552-.448 1-1 1h-10c-.552 0-1-.448-1-1v-10c0-.553-.447-1-1-1s-1 .447-1 1v9.5c0 .429-.176.824-.494 1.112-.318.289-.73.429-1.164.38-.752-.075-1.342-.794-1.342-1.635v-9.357c0-3.859 3.141-7 7-7h8c3.859 0 7 3.141 7 7z\"><\/path><path d=\"m37.882 5.918c-.257-.773-.906-1.339-1.693-1.475l-2.893-.501-1.358-2.728s0 0 0 0c-.373-.748-1.115-1.214-1.937-1.214s-1.563.466-1.938 1.215l-1.358 2.728-2.892.501c-.788.136-1.438.701-1.694 1.475-.265.794-.075 1.66.494 2.263l2.08 2.202-.442 3.066c-.122.842.228 1.667.912 2.152.37.263.803.396 1.237.396.337 0 .676-.08.987-.243l2.613-1.361 2.613 1.361c.714.374 1.568.314 2.225-.153.685-.485 1.034-1.311.912-2.152l-.442-3.066 2.08-2.202c.569-.603.759-1.469.494-2.263zm-1.947.89-2.412 2.554c-.21.222-.307.527-.263.829l.512 3.544c.02.142-.057.212-.09.236-.069.047-.118.024-.145.011l-3.075-1.603c-.289-.15-.635-.15-.924 0l-3.075 1.603c-.027.014-.076.036-.145-.011-.033-.024-.109-.095-.09-.236l.512-3.544c.044-.302-.053-.607-.263-.829l-2.412-2.554c-.091-.097-.065-.213-.05-.258.026-.079.072-.124.138-.136l3.392-.588c.313-.055.582-.255.725-.54l1.584-3.18c.013-.026.053-.106.146-.106s.134.079.146.105l1.584 3.181c.143.285.411.485.725.54l3.393.588c.064.012.11.057.137.136.016.045.041.161-.05.258z\"><\/path><path d=\"m17.75 21.449-.442-3.066 2.08-2.202c.569-.603.759-1.469.494-2.263-.257-.773-.906-1.339-1.693-1.475l-2.893-.501-1.358-2.728s0 0 0 0c-.373-.748-1.115-1.214-1.937-1.214s-1.563.466-1.938 1.215l-1.358 2.728-2.892.501c-.788.136-1.438.701-1.694 1.475-.265.794-.075 1.66.494 2.263l2.08 2.202-.442 3.066c-.122.842.228 1.667.912 2.152.37.263.803.396 1.237.396.337 0 .676-.08.987-.243l2.613-1.361 2.613 1.361c.714.374 1.567.313 2.225-.153.685-.485 1.034-1.311.912-2.152zm-1.979.285c.02.142-.057.212-.09.236-.069.047-.118.024-.145.011l-3.075-1.603c-.289-.15-.635-.15-.924 0l-3.075 1.603c-.027.014-.076.036-.145-.011-.033-.024-.109-.095-.09-.236l.512-3.544c.044-.302-.053-.607-.263-.829l-2.412-2.554c-.091-.097-.065-.213-.05-.258.026-.079.072-.124.138-.136l3.392-.588c.313-.055.582-.255.725-.54l1.584-3.18c.013-.026.053-.106.146-.106s.134.079.146.105l1.584 3.181c.143.285.411.485.725.54l3.393.588c.064.012.11.057.137.136.016.045.041.161-.05.258l-2.412 2.554c-.21.222-.307.527-.263.829z\"><\/path><path d=\"m54.188 12.443-2.893-.501-1.358-2.728s0 0 0 0c-.373-.748-1.115-1.214-1.937-1.214s-1.563.466-1.938 1.215l-1.358 2.728-2.892.501c-.788.136-1.438.701-1.694 1.475-.265.794-.075 1.66.494 2.263l2.08 2.202-.442 3.066c-.122.842.228 1.667.912 2.152.37.263.803.396 1.237.396.337 0 .676-.08.987-.243l2.613-1.361 2.613 1.361c.714.374 1.567.313 2.225-.153.685-.485 1.034-1.311.912-2.152l-.442-3.066 2.08-2.202c.569-.603.759-1.469.494-2.263-.257-.773-.906-1.339-1.693-1.475zm-.254 2.364-2.412 2.554c-.21.222-.307.527-.263.829l.512 3.544c.02.142-.057.212-.09.236-.069.047-.118.024-.145.011l-3.075-1.603c-.289-.15-.635-.15-.924 0l-3.075 1.603c-.027.014-.075.036-.145-.011-.033-.024-.109-.095-.09-.236l.512-3.544c.044-.302-.053-.607-.263-.829l-2.412-2.554c-.091-.097-.065-.213-.05-.258.026-.079.072-.124.138-.136l3.392-.588c.313-.055.582-.255.725-.54l1.584-3.18c.013-.026.053-.106.146-.106s.134.079.146.105l1.584 3.181c.143.285.411.485.725.54l3.393.588c.064.012.11.057.137.136.016.045.041.161-.05.258z\"><\/path><\/svg>\t\t\t\t<\/span>\n\t\t\t<\/div>\n\t\t\t\n\t\t\t\t\t\t<div class=\"elementor-icon-box-content\">\n\n\t\t\t\t\t\t\t\t\t<h3 class=\"elementor-icon-box-title\">\n\t\t\t\t\t\t<span  >\n\t\t\t\t\t\t\t101 experiencias por vivir\t\t\t\t\t\t<\/span>\n\t\t\t\t\t<\/h3>\n\t\t\t\t\n\t\t\t\t\t\t\t\t\t<p class=\"elementor-icon-box-description\">\n\t\t\t\t\t\tCompleta retos inspirados en viajes, gastronom\u00eda, cultura y estilo de vida que te sacan de la rutina.\t\t\t\t\t<\/p>\n\t\t\t\t\n\t\t\t<\/div>\n\t\t\t\n\t\t<\/div>\n\t\t\t\t\t\t<\/div>\n\t\t\t\t<\/div>\n\t\t\t\t<\/div>\n\t\t\t\t<div class=\"elementor-element elementor-element-9e728d3 elementor-widget elementor-widget-image\" data-id=\"9e728d3\" data-element_type=\"widget\" data-e-type=\"widget\" data-widget_type=\"image.default\">\n\t\t\t\t<div class=\"elementor-widget-container\">\n\t\t\t\t\t\t\t\t\t\t\t\t\t\t\t<img decoding=\"async\" width=\"291\" height=\"46\" src=\"https:\/\/amazing-ishizaka.178-33-161-12.plesk.page\/wp-content\/uploads\/2025\/10\/Arrow-24.png\" class=\"attachment-large size-large wp-image-129\" alt=\"\" \/>\t\t\t\t\t\t\t\t\t\t\t\t\t\t\t<\/div>\n\t\t\t\t<\/div>\n\t\t<div class=\"elementor-element elementor-element-28d2553 e-con-full e-flex e-con e-child\" data-id=\"28d2553\" data-element_type=\"container\" data-e-type=\"container\">\n\t\t\t\t<div class=\"elementor-element elementor-element-9baa693 elementor-view-default elementor-position-block-start elementor-mobile-position-block-start elementor-widget elementor-widget-icon-box\" data-id=\"9baa693\" data-element_type=\"widget\" data-e-type=\"widget\" data-widget_type=\"icon-box.default\">\n\t\t\t\t<div class=\"elementor-widget-container\">\n\t\t\t\t\t\t\t<div class=\"elementor-icon-box-wrapper\">\n\n\t\t\t\t\t\t<div class=\"elementor-icon-box-icon\">\n\t\t\t\t<span  class=\"elementor-icon\">\n\t\t\t\t<svg xmlns=\"http:\/\/www.w3.org\/2000\/svg\" id=\"Layer_2\" height=\"512\" viewBox=\"0 0 60 60\" width=\"512\"><path d=\"m51.97 28.95c-.49-2.77-2.66-4.88-5.34-5.37 1.12-1.13 1.82-2.68 1.82-4.4 0-3.44-2.8-6.24-6.24-6.24-3.18 0-5.81 2.4-6.19 5.48l-3.01-6.14c-.71-1.45-2.39-2.12-3.9-1.56-.01 0-.01.01-.02.01-.83.28-1.53.87-1.89 1.68l-2.74 6.19c-.1-3.35-2.85-6.05-6.23-6.05-3.44 0-6.24 2.8-6.24 6.24 0 2.1 1.05 3.96 2.65 5.1-1.7.63-3.1 1.93-3.82 3.68l-4.58 11.08c-.16.37-.24.77-.24 1.18 0 1.53 1.15 2.84 2.67 3.04 1.24.16 2.44-.44 3.07-1.53l.41-.73-1.42 7.66c-.1.54.26 1.06.8 1.17.06.01.12.02.18.02.47 0 .89-.34.98-.82l2.52-13.55c.09-.48-.18-.96-.64-1.12-.46-.17-.97.02-1.21.45l-3.36 5.93c-.22.38-.64.6-1.07.54-.6-.08-.93-.61-.93-1.06 0-.14.03-.27.08-.41l4.58-11.07c.72-1.74 2.4-2.87 4.29-2.87h6.01c.4 0 .75-.23.91-.6l3.91-8.83 1.41 3.47-4.24 11.78c-.38 1.03-.51 2.12-.41 3.26l1.28 12.58c.05.52.49.9.99.9h.1c.55-.06.95-.55.89-1.1l-1.28-12.57c-.08-.83.02-1.63.29-2.38l3.49-9.69 3.45 8.48c.26.65.4 1.33.4 2.03v14.22c0 .55.45 1 1 1s1-.45 1-1v-14.23c0-.96-.18-1.9-.54-2.78l-6.46-15.92c-.12-.29-.11-.6.01-.88s.35-.5.64-.61c.55-.2 1.15.04 1.41.56l5.75 11.74c.17.34.52.56.9.56h7.56c2.25 0 4.18 1.61 4.57 3.83l1.98 11.09c.05.29-.02.59-.19.83-.18.24-.44.39-.73.42l-.53.06c-.53.07-1.01-.26-1.15-.77l-1.81-6.31c-.14-.49-.62-.79-1.12-.71s-.86.52-.84 1.03l.49 12.12c.02.54.46.96 1 .96h.04c.55-.02.98-.49.96-1.04l-.18-4.54c.63.89 1.71 1.39 2.86 1.26l.53-.06c.84-.1 1.6-.54 2.1-1.22s.7-1.54.56-2.37zm-33.74-14.38c2.34 0 4.24 1.9 4.24 4.24s-1.9 4.24-4.24 4.24-4.24-1.9-4.24-4.24 1.9-4.24 4.24-4.24zm23.98.38c2.34 0 4.24 1.9 4.24 4.24s-1.9 4.24-4.24 4.24-4.24-1.9-4.24-4.24 1.9-4.24 4.24-4.24z\"><\/path><\/svg>\t\t\t\t<\/span>\n\t\t\t<\/div>\n\t\t\t\n\t\t\t\t\t\t<div class=\"elementor-icon-box-content\">\n\n\t\t\t\t\t\t\t\t\t<h3 class=\"elementor-icon-box-title\">\n\t\t\t\t\t\t<span  >\n\t\t\t\t\t\t\tColecciona momentos reales\t\t\t\t\t\t<\/span>\n\t\t\t\t\t<\/h3>\n\t\t\t\t\n\t\t\t\t\t\t\t\t\t<p class=\"elementor-icon-box-description\">\n\t\t\t\t\t\tAqu\u00ed el progreso no se mide en tiempo de pantalla, sino en vivencias que suman y se recuerdan.\t\t\t\t\t<\/p>\n\t\t\t\t\n\t\t\t<\/div>\n\t\t\t\n\t\t<\/div>\n\t\t\t\t\t\t<\/div>\n\t\t\t\t<\/div>\n\t\t\t\t<\/div>\n\t\t\t\t<\/div>\n\t\t\t\t\t<\/div>\n\t\t\t\t<\/div>\n\t\t<div class=\"elementor-element elementor-element-42c53c8 e-flex e-con-boxed e-con e-parent\" data-id=\"42c53c8\" data-element_type=\"container\" data-e-type=\"container\" data-settings=\"{&quot;background_background&quot;:&quot;classic&quot;}\">\n\t\t\t\t\t<div class=\"e-con-inner\">\n\t\t\t\t\t<\/div>\n\t\t\t\t<\/div>\n\t\t\t\t<\/div>\n\t\t","protected":false},"excerpt":{"rendered":"<p>Explora los retos Descubre una nueva forma de vivir experiencias reales, usando el m\u00f3vil solo como punto de partida. Menos pantalla, m\u00e1s vida 101 nace con una idea clara: usar la tecnolog\u00eda para que mires menos el m\u00f3vil y m\u00e1s lo que te rodea. 101 experiencias por vivir Completa retos inspirados en viajes, gastronom\u00eda, cultura [&hellip;]<\/p>\n","protected":false},"author":1,"featured_media":0,"parent":0,"menu_order":0,"comment_status":"closed","ping_status":"closed","template":"","meta":{"footnotes":""},"class_list":["post-101","page","type-page","status-publish","hentry"],"_links":{"self":[{"href":"https:\/\/amazing-ishizaka.178-33-161-12.plesk.page\/index.php\/wp-json\/wp\/v2\/pages\/101","targetHints":{"allow":["GET"]}}],"collection":[{"href":"https:\/\/amazing-ishizaka.178-33-161-12.plesk.page\/index.php\/wp-json\/wp\/v2\/pages"}],"about":[{"href":"https:\/\/amazing-ishizaka.178-33-161-12.plesk.page\/index.php\/wp-json\/wp\/v2\/types\/page"}],"author":[{"embeddable":true,"href":"https:\/\/amazing-ishizaka.178-33-161-12.plesk.page\/index.php\/wp-json\/wp\/v2\/users\/1"}],"replies":[{"embeddable":true,"href":"https:\/\/amazing-ishizaka.178-33-161-12.plesk.page\/index.php\/wp-json\/wp\/v2\/comments?post=101"}],"version-history":[{"count":0,"href":"https:\/\/amazing-ishizaka.178-33-161-12.plesk.page\/index.php\/wp-json\/wp\/v2\/pages\/101\/revisions"}],"wp:attachment":[{"href":"https:\/\/amazing-ishizaka.178-33-161-12.plesk.page\/index.php\/wp-json\/wp\/v2\/media?parent=101"}],"curies":[{"name":"wp","href":"https:\/\/api.w.org\/{rel}","templated":true}]}}